b(m) = -8*m + 6. Let v(t) = f*h(t) + 2*b(t). What is v(2)?
7
Let x(m) = -11*m**2 + 17*m - 1. Let s(n) = 7*n**2 - 11*n + 1. Let q(d) = 8*s(d) + 5*x(d). Let g be q(3). Let j(a) = 4 - 5*a**2 + g*a**3 - 2*a**3 - 5. Give j(5).
-1
Let l(b) = 4 + 4*b - 6*b**2 - 12 - b**3 + 4*b - 9*b. Calculate l(-6).
-2
Let p(o) = 14*o - 11. Let c(x) = -5*x + 4. Let f(b) = -17*c(b) - 6*p(b). Let a = 0 - -1. Let n(h) = 3*h - 1. Let s be n(a). Determine f(s).
0
Let o(d) be the second derivative of d**4/12 - d**3 + 7*d**2/2 - 8*d. Determine o(5).
2
Let r(i) = i**2 - 6*i + 3. Suppose 4*g - 17 - 23 = -4*n, -4*n = 3*g - 37. Give r(n).
10
Let u(d) be the third derivative of d**4/6 + d**3/6 - 20*d**2. Calculate u(-3).
-11
Let n(a) = a**3 + 8*a**2 - a - 5. Let r be n(-8). Let i(o) be the first derivative of 8*o + 1 - 3 - r*o + 1 + o**2. What is i(-4)?
-3
Let n(y) = -3*y**3 + 2*y**2 - 3*y - 1. Let i(o) = 4*o**3 - o**2 + 4*o. Let b(x) = -2*i(x) - 3*n(x). Calculate b(4).
7
Let g(h) = 5*h**3 + 4*h**2 - 3*h + 2. Let i(w) = -4*w**3 - 3*w**2 + 3*w - 1. Let q(v) = 3*g(v) + 4*i(v). What is q(-2)?
4
Suppose 5*p + 4*j + 100 = 0, -69 = 9*p - 5*p + j. Let x = 4 + p. Let i be x/(-10) - 8/40. Let h(y) = -y**2 - y + 1. Give h(i).
-1
Suppose 0 = -w + 6*w - 60. Let m(i) = 1 - 2 - 11*i + w*i. Determine m(-2).
-3
Let b(y) = 9*y**3 - 4*y**2 + 2*y + 5. Let f(n) = 4*n**3 - 2*n**2 + n + 2. Suppose -4*d = -2*k - 20, -5*k + 0 = -4*d + 8. Let r(c) = d*f(c) - 3*b(c). Give r(2).
1
Let i be (-2)/(2/(-1)) + 17. Suppose 6 = 5*o - 0*o - 4*a, -o - 4*a = i. Let j be (-3)/o*(-24)/(-9). Let r(g) = g**2 - 3*g + 2. Calculate r(j).
6
Let r(x) = -16*x**3 + 6*x**2 + 10*x - 5. Let u(q) = -3*q**3 + q**2 + 2*q - 1. Let y = 7 + 4. Let h(k) = y*u(k) - 2*r(k). Give h(-2).
-1
Let a(n) be the first derivative of -8*n**3/3 - 7*n**2/2 - 5*n - 1. Let i(f) = -17*f**2 - 13*f - 9. Let l(g) = -11*a(g) + 6*i(g). What is l(1)?
-14
Let q = 11 + -9. Let b(s) = s**3 - s**2 - s. Give b(q).
2
Let s(b) = -b**2 - 7*b - 1. Let n be 7*(-1 + 0)/1. Calculate s(n).
-1
Let d(z) = -11*z**2 - 3*z + 3. Let n = 10 - 19. Let u(q) = q - 2 + 0 + 5*q**2 + 0*q. Let p(f) = n*u(f) - 4*d(f). Give p(5).
-4
Let d(r) = -5*r + 1. Suppose 2*h - 5*a + 13 = 6*h, 3*h = a + 5. Suppose 6 + h = -4*t. Determine d(t).
11
Let q(s) = -s**3 - 13*s**2 - s - 15. Let i be q(-13). Let n(c) = -c**3 - 3*c**2 - 4*c - 3. What is n(i)?
1
Let y(i) = 50*i**2 + 59*i**2 - 106*i**2 - 2*i - i**3 + 1. Give y(3).
-5
Let m(d) be the first derivative of -d**4/4 - d**3/3 + d**2/2 - d - 11. Give m(0).
-1
Let r(o) = 5*o**2 + o - 1. Let c(m) = -14*m**2 - 6*m + 2 + 3*m + 3*m**2. Let g(j) = 4*c(j) + 9*r(j). Suppose -3*b + 7 + 5 = 0. Give g(b).
3
Let h(v) = 4*v**2 - v + 3. Let s(r) = 8*r**2 - 2*r + 5. Let t(p) = -5*h(p) + 3*s(p). Let z(a) = 3*a - 6. Let n be z(6). Let g be (-12)/9 + 4/n. Give t(g).
5
Let n(s) be the third derivative of -s**4/12 + s**3/6 - 2*s**2. Let d(b) = -b**3 - 7*b**2 - 6*b + 2. Let f be d(-6). Suppose -4*p + f = -2. Give n(p).
-1
Suppose -1 = -n + 4. Let t = n - 3. Let f(k) = -5*k**2 - 4*k + 4*k**t + 5*k. Determine f(3).
-6
Let b be 33/5 + (-6)/10. Let z(w) = -w**3 - 9*w**2 - 7*w - 5. Let h(x) = x**3 + 10*x**2 + 8*x + 6. Let o(u) = b*h(u) + 7*z(u). Let s = 3 - 5. Give o(s).
-1
Let i(g) = g**2 + 12*g + 2. Let j be i(-12). Let r(p) be the third derivative of p**j + 0*p + 1/6*p**4 + 1/30*p**5 + 0 + 5/6*p**3 - 1/120*p**6. Give r(4).
-11
Let x(p) = p - 8 + 3 + p**2 - 2*p. Determine x(0).
-5
Let i(n) = -2*n**2 - 3*n - 2. Let j be i(-1). Let l(a) = a**3 - a**2 - 2*a - 1. What is l(j)?
-1
Suppose -4*w - 22 = -j + 1, 0 = j + 2*w + 1. Suppose 5*z - 27 = -j. Let p(y) be the first derivative of y**3/3 - y**2 - 5*y + 2. Give p(z).
3
Let d be (-39)/(-12) + 2/(-8). Let w = 4 - d. Let v(a) be the third derivative of -a**4/24 + a**3/6 + a**2. Give v(w).
0
Let t be (-1)/(3/(-4))*3. Let s(z) be the second derivative of -z**4/12 + 5*z**3/6 + 3*z**2/2 - 4*z. Determine s(t).
7
Let v(z) = -2*z + 3. Let s(g) = g - 2. Let a(c) = 3*s(c) + 2*v(c). What is a(-1)?
1
Let v = 2 + -7. Let b = -9 - v. Let z(j) be the first derivative of -j**4/4 - 4*j**3/3 - 2. What is z(b)?
0
Let s(f) = 11 + 7 - f - 20. Suppose b = 4*o - 22, 0 = -2*b - 0*b + 4*o - 24. Determine s(b).
0
Let o(u) be the first derivative of -2*u**3/3 + u**2 + u - 3. Let a = 54 - 55. Give o(a).
-3
Let v(j) be the third derivative of -j**7/5040 - j**5/20 + 2*j**2. Let l(o) be the third derivative of v(o). Suppose 0 = 5*p - 2 - 3. Give l(p).
-1
Let a(i) = -i - 1. Let u(r) = -2 + 2 + 6*r + 3 - 2. Let f(m) = -5*a(m) - u(m). Give f(5).
-1
Let q(x) = x**3 - x**2 + 2. Suppose p + 2 = o - 3, 2*p + o = 5. What is q(p)?
2
Let x = 1 - 1. Let k(w) be the second derivative of w**4/12 - w**3/6 + 4*w**2 + 2*w. Calculate k(x).
8
Let z(o) = o**2 - o + 1. Let n(p) = -3*p**2 + 7*p + 2. Let b(g) = -n(g) - 2*z(g). Let k(f) = -f + 3. Let w be k(0). Calculate b(w).
-10
Let j(i) = -4*i**3 - 4*i**2 + 3*i. Let o be j(2). Let g be 5/(-25) + o/(-10). Let v(t) = -t**2 + 4*t - 5. Calculate v(g).
-5
Let a = -143 + 145. Let v(s) = -s**2 + s - 1. Give v(a).
-3
Let p be -2*(-15)/6 + -2. Let x(t) = p + 2*t + 1 - 4 + 1. Determine x(-5).
-9
Let w(u) = -u - 1. Let i be w(-1). Let r(h) = -h + i*h + 4 + 5*h**2 - h**3 - 3. Let m(z) = -z + 8. Let d be m(3). Give r(d).
-4
Let f(g) = g**3 - 2*g - 10*g**3 - 1 - 4*g**2 + 8*g**3. What is f(-4)?
7
Let r(t) = 3 + 9*t + t**2 + 2*t - 7*t. Suppose 0 = 4*y - 7*y - 6. Calculate r(y).
-1
Let q(s) be the second derivative of s**5/20 - s**4/6 - s**3/2 + 3*s**2/2 + 5*s. Let x(j) = -j**3 + 2*j**2 + 3*j + 3. Let t be x(3). What is q(t)?
3
Let l(x) = 4*x - 3. Let v(t) = -t + 18. Let g be v(14). Calculate l(g).
13
Let u(h) = 0*h + h + h - h. What is u(-3)?
-3
Suppose 1 + 1 = -y + 4*x, 2*y - 8 = -4*x. Let f(r) = 4*r + 0 - r**y - 13 + 10 + 9. Determine f(6).
-6
Let x(v) = -v**3 - 4*v**2 - 5*v - 3. Let a(u) = -2*u + 7. Let d be a(5). Give x(d).
3
Let w(n) be the second derivative of n**4/12 + 7*n. Calculate w(1).
1
Let v = -16 + 18. Let s(h) = -h**3 + 2*h**2 - 3*h + 2. Determine s(v).
-4
Let i(h) = h**2 + 8*h + 3. Let x be (30/(1 + -4))/2. What is i(x)?
-12
Let d(h) = 5*h**2 - 3*h. Let o be d(2). Let l = o - 10. Let i(w) = -w**3 + 4*w**2 + 3*w - 6. Determine i(l).
6
Let j(k) = k + 1. Let i(u) = -u + 12. Suppose 3*n + 5*f - 4 = 0, -7*n + 2*n = f - 36. Let d be i(n). Suppose -2*b + d*b = 10. Determine j(b).
6
Let n = 3 + -3. Suppose n + 6 = 2*g. Let d(h) = h + 3*h - 2*h + 3. Give d(g).
9
Let f be (-1)/(1*1/(-3)). Let q(c) = -c**3 + 4*c**2 - 2*c + 2. Calculate q(f).
5
Let b(g) = -9*g**2 - 9*g - 4. Let m be -6*2*(-1)/2. Let o(y) = -5*y**2 - 5*y - 2. Let n(p) = m*b(p) - 11*o(p). Calculate n(-2).
0
Let q(u) = 3*u**3 + 5*u**2 + 4*u - 9. Let r(l) = -2*l**3 - 5*l**2 - 3*l + 8. Let i(n) = 3*q(n) + 4*r(n). What is i(4)?
-11
Let t(a) = -2*a + 7. Let u(p) = p**2 - p - 11. Let g be u(5). Determine t(g).
-11
Suppose -2*s = -5*n - 10, -2*n - 32 = 2*s - 14. Let u(b) = -b**2 - 5*b + 5. Determine u(n).
9
Let r(i) = -i. Let n(x) = x - 4. Let u(f) = n(f) + 2*r(f). Let p(d) = -8*d - 1. Let k be p(-2). Suppose 3*a = 3 - k. Determine u(a).
0
Let x(z) = z**3 + z**2 - 3*z - 2. Let j be (4 - 7)*2/3. Calculate x(j).
0
Let b(g) be the first derivative of g**4/24 + g**3/3 - 2*g**2 - 2. Let p(v) be the second derivative of b(v). Give p(-2).
0
Let q(g) = -5 + 7 + 3*g - g + 7. Determine q(-6).
-3
Let t be 55/(-20) - (-2)/(-8). Let y = 3 + t. Let f(j) = -1 + j + 5*j + y. Give f(1).
5
Let c(p) = p**2 - 1 + 7*p + 4*p**2 - 4*p**2. Suppose -y = 7 - 1. Calculate c(y).
-7
Let r(j) = -11*j - 1. Let g(s) = 23*s + 3. Let i(l) = 2*g(l) + 5*r(l). Let d(p) = -p + 6. Let u be d(5). Determine i(u).
-8
Let g(t) = -5*t**2 - 24*t + 10. Let l(a) = 2*a**2 + 8*a - 3. Let y(h) = -3*g(h) - 8*l(h). Determine y(9).
-15
Let a(i) = -5*i**2 - 2*i - 1. Let y(h) = h**3 - 4*h**2 + 5*h - 2. Let g be y(3). Suppose 2 = -g*r - 2. Give a(r).
-4
Suppose 0 = -l + 3, l - 5 = -4*p + 2. Let b(y) = -y**3 - 3*y**2 - y. Let s be b(-3). Let k(t) = 0*t + s*t + p + 2 - t. Calculate k(-4).
-5
Suppose -2*g = -0*g - 12. Let b(o) = o + 2. What is b(g)?
8
Let b(s) = -s**3 - s**2 - 11. Let u(w) = -w - 7. Let o be u(-6). Let r(c) = c**2 + c - 1. Let m(y) = o*b(y) + 5*r(y). Give m(-5).
6
Suppose 4 = -2*v, -3*v + 0*v = -2*m + 10. Suppose -x + 